visor of y and 21?
21
Let v = -9123 - -11058. Calculate the highest common factor of v and 2795.
215
Suppose -3*b + y = -39779, -69*b + 70*b = 3*y + 13257. What is the greatest common divisor of b and 26?
26
Suppose 5*g - 10380 = -4*m, 26*g - 2*m = 24*g + 4170. Calculate the greatest common divisor of 13 and g.
13
Suppose -272 = -3*j + 3*r + 616, -2*j = -r - 594. Let i = 312 - j. What is the highest common factor of i and 8?
2
Suppose -4*o - 74*o = 37*o - 13800. What is the highest common factor of 125 and o?
5
Let t(m) = 2*m - 24. Let j be t(13). Suppose j = 6*o - 10. Suppose -5*a = -q + 35, o*q - 3*a - 31 = 18. Calculate the greatest common divisor of 50 and q.
10
Suppose -2*w + l - 10 = 0, -3*w - w + 5*l = 20. Let o be (-1)/(1/w) - -380. What is the greatest common factor of 35 and o?
35
Let i = -331146 - -331174. Let t be (-786)/(-7) - (-2)/(-7). What is the greatest common factor of i and t?
28
Suppose 19*x = 13*x - 174. Let g = x + 35. Suppose -4*k = 3*f - 2*k - 75, 0 = 2*k + g. What is the highest common divisor of f and 18?
9
Suppose 5*n - 791 = -4*j, 1059*j - 3*n - 423 = 1057*j. Calculate the greatest common factor of j and 374.
34
Suppose 59*c = 63*c - 4. Let x(y) = -19*y - 35. Let g be x(-2). Calculate the greatest common factor of c and g.
1
Suppose 89 = 5*j + 64. Suppose 0 = j*k + 14*r - 11*r - 2097, 3*r + 1683 = 4*k. What is the highest common factor of 252 and k?
84
Let n = 2 + 4. Let r = 654 - 364. Let a = r - 284. What is the greatest common divisor of n and a?
6
Suppose 141*w - 1548 = 1272. Let o be (-548)/(-5) + 4/10. What is the greatest common divisor of w and o?
10
Suppose 4*p - 19 = -q, q = 5*p - 2*p - 9. Suppose 3*y = -3*j - 75 - 186, q*y = 12. Let d = j + 130. Calculate the greatest common factor of d and 13.
13
Let r be (38 - 41)/((-1)/(-4) - 1). Suppose -43 = -j + 2*z, -3*z = -r*j + 176 - 14. Suppose 0 = 8*a - 64 - 144. Calculate the greatest common factor of j and a.
13
Suppose 7 + 1 = b. Let u(f) = 11*f + 7. Let y(x) = -1. Let z(r) = -u(r) - 6*y(r). Let l be z(-3). Calculate the highest common divisor of l and b.
8
Let x(y) = 6*y**2 - 39*y + 455. Let o be x(8). Calculate the greatest common factor of 17 and o.
17
Let c be -1 + (-36)/(3 + -7). Suppose c = b + b. Suppose -b*q = 2*q - 96. Calculate the highest common divisor of 160 and q.
16
Let a be 10/(-6)*297/11. Let k = 42 + a. Let o be (-7)/(k + 33/12). What is the highest common factor of 28 and o?
28
Let p = 139 - 83. Let r be -2 - -4 - (-9)/(81/18). What is the greatest common divisor of p and r?
4
Suppose -38*j + 1326 = -32*j. Let p = -180 + j. Calculate the greatest common factor of 205 and p.
41
Suppose 5*s = -2*r + 113 + 1836, -3*s + 1196 = 5*r. What is the highest common factor of s and 477?
9
Let i(h) be the second derivative of 8/3*h**3 + 0 + 2*h**2 - 24*h + 1/12*h**4. Let g be i(-17). Calculate the highest common factor of g and 3.
3
Suppose 4*a - 1508 = 9*l, -2*l = -3*a - 384 + 1496. Calculate the greatest common divisor of a and 656.
16
Suppose -3*t + 8*t - 270 = 0. Let q = 6 + t. Suppose 435 + 615 = 33*v + 390. Calculate the highest common factor of v and q.
20
Let t = 7548 - 7412. Let a(s) = 4*s - 4. Let c be a(9). Calculate the highest common factor of c and t.
8
Let o(i) = -11*i**2 - 28*i - 30. Let q(u) = -8*u**2 - 19*u - 20. Let z(v) = 5*o(v) - 7*q(v). Let s be z(9). Calculate the highest common divisor of s and 104.
8
Let j = 266 + -151. Let y be (-55)/(-77)*(-126)/(-6). What is the greatest common divisor of y and j?
5
Suppose h - 6 = 4. Suppose 654 = 4*k + 3*l - 331, l + 5 = 0. Calculate the highest common divisor of k and h.
10
Let d be 304/40 - 10/(-25). Suppose 4*k = d, -4*r + 0 = 2*k - 8. What is the highest common factor of r and 8?
1
Suppose -109*o + 106*o - 5*s + 4284 = 0, 0 = -3*s. Calculate the highest common divisor of o and 560.
28
Let q(s) = -364*s**3 - 1. Let c be q(-1). Suppose -75*l + 73*l - 161*l + 5379 = 0. Calculate the greatest common factor of l and c.
33
Let p = 13489 - 13482. What is the greatest common factor of p and 13160?
7
Let l be 0 - (-25 + 2) - (8 + -7)*-7. Calculate the highest common divisor of l and 768.
6
Suppose -6*m - 8 = -10*m - 4*d, -4*d - 4 = -2*m. Let k = 16 + -13. Suppose -k*x = -6 - 15. What is the greatest common factor of x and m?
1
Suppose -138351 - 134229 = -42*x. Calculate the greatest common factor of 110 and x.
110
Let c = 1384 + 24. Suppose c = 15*l - 4*l. What is the greatest common divisor of l and 8?
8
Let n be -3 + 6/2 + 5. Let l be 91/n + (-2)/10. Calculate the highest common divisor of 2 and l.
2
Let s be 9/(-6)*((-48)/10)/(234/18460). Suppose o - 152 = -o + 5*h, -o - 5*h + 61 = 0. Calculate the highest common factor of s and o.
71
Suppose -6 = -3*p, 0 = d + 5*p + 25 - 35. Suppose i - 299 + 213 = d. Calculate the greatest common factor of i and 301.
43
Suppose -8*n + 2482 = -1366. What is the highest common divisor of n and 148?
37
Let b = -26 + 32. Suppose -w + 7 = b*w. Let v = 2 - w. What is the greatest common divisor of 16 and v?
1
Let q be 574/(-4)*(-64288)/2744. What is the greatest common divisor of 82 and q?
82
Let c(b) = -4*b + 37. Let l be c(-10). Suppose 76*p = l*p. Suppose -4*s - 41 + 221 = p. What is the highest common divisor of s and 75?
15
Suppose -5*y - g - 318 = 0, -g - 12 - 114 = 2*y. Let b = y - -82. Calculate the greatest common factor of 54 and b.
18
Suppose 0 = -17*l - 206 + 784. Let y(f) = f**2 - 36*f + 122. Let d be y(l). Calculate the greatest common divisor of 54 and d.
54
Let c be 704 + 9 - (1 - (-4 + 7)). What is the highest common factor of c and 165?
55
Suppose -3*u = -l - 1638, -4*u - 3*l = -0*l - 2197. Let f = u - 277. Suppose 4*i - 15 - 7 = -k, 4 = -2*i. What is the highest common divisor of k and f?
30
Let t be 2/(-4 - ((-1784)/298 + 2)). Let k = 149 + t. Suppose k*q = -2*q + 220. What is the highest common factor of 22 and q?
22
Let i(p) = -65*p**2 - 2*p - 1. Let x be i(-1). Let c be (-3)/48 - 3838/32. Let b = x - c. What is the highest common divisor of 14 and b?
14
Suppose 3*h - 2*t = 314, 3*h + 2*t + 110 = 4*h. Suppose -3*w + 7*d = 2*d - 1132, -d - 2 = 0. What is the greatest common factor of h and w?
34
Let k(s) = -73*s - 79*s - 10 - 128 + 28*s. Let v be k(-8). What is the highest common divisor of 14 and v?
14
Let o(j) = 49*j + 722. Let v be o(-14). Calculate the greatest common factor of v and 864.
36
Suppose 33 = 4*s - 27. Let f(h) = -9*h - 38. Let q be f(-5). Let r be (15/2 - 0)*(9 - q). What is the greatest common divisor of s and r?
15
Let b = -13210 + 13265. Calculate the highest common divisor of 685 and b.
5
Suppose 0*v + 4*v - 13 = f, 3*f + 5*v = 29. Suppose -2*p + 23 = f. Let y = p - 9. Calculate the greatest common factor of 8 and y.
1
Suppose -3*h + 9 = 0, 2*l + 0*h - 3 = 3*h. Suppose -4*i = i. Suppose i*d - 162 = -3*d. Calculate the greatest common factor of l and d.
6
Let j(x) = -13*x + 8915. Let b be j(72). Calculate the greatest common divisor of 101 and b.
101
Suppose -4*u = m - 0*u - 13, 3*m - 2*u = -3. Suppose 0 = z + m, -450 + 49 = -3*p + 2*z. Calculate the greatest common factor of 57 and p.
19
Let l(n) = n**3 + 55*n**2 - 18*n - 290. Let y be l(-55). Calculate the greatest common divisor of y and 500.
100
Suppose -m = 5*x - 93, 117*m + x + 246 = 121*m. Calculate the highest common divisor of 10521 and m.
63
Let f(a) = 3*a - 20. Suppose -4*b + 2*d = -d - 49, 0 = b - d - 13. Let u be f(b). What is the greatest common divisor of 50 and u?
10
Suppose 0 = x + 3, -4*q = -6*x + 7*x - 81. Suppose 113 = -2*m - 27. Let j be (126/15)/((-4)/m). Calculate the highest common divisor of j and q.
21
Let m(v) = v**3 - 123*v**2 - 91*v + 268. Let i be m(124). What is the highest common factor of 8 and i?
8
Suppose -8*y + 3*y + 50 = 3*r, -2*y = 4*r - 48. Suppose 2*o - 90 + 300 = 0. Let l be (5 - o/14)*(1 + 1). Calculate the highest common factor of r and l.
5
Suppose 1076*h + 83 = 5*w + 1078*h, 3*w - 25 = 5*h. Suppose 0 = -4*p + 2*v + 234, -255 = -4*p + 3*v - 8*v. What is the highest common factor of w and p?
15
Let d(y) be the first derivative of -8*y**2 - 137*y - 31. Let c be d(-12). What is the greatest common factor of 22 and c?
11
Suppose -1931 - 489 = -22*w. What is the greatest common divisor of w and 470?
10
Let w be ((-24)/10)/(15/(